2
Let w = 73 - 18. Suppose w = 5*g - 5*x, 4*g + 0*x = -3*x + 65. What is the remainder when 37 is divided by g?
9
Suppose 0 = -4*r - 3973 + 9113. What is the remainder when r is divided by 99?
97
Let o be 4/4 - 1 - -2. Suppose o*d + 759 = 5*d. Let y = 354 - d. Calculate the remainder when y is divided by 26.
23
Let x be (-12)/(-48) - 14/(-8). Suppose -x*n + 40 = -2*j, -3*n + 56 = -4*j + 2*j. Calculate the remainder when 46 is divided by n.
14
Let f(o) = o**3 + 15*o**2 - 22*o - 32. What is the remainder when f(-16) is divided by 25?
14
Let t = -15 + 30. Calculate the remainder when 9/t - 122/(-5) is divided by 10.
5
Suppose 5 = -2*q + 3*q. Let s be 2/5*(q - 0). Suppose 0 = 5*z - 4*a - 15, s*a + a = -4*z + 12. What is the remainder when 8 is divided by z?
2
Let l(v) = -v**3 - 2*v**2 + 5*v + 4. What is the remainder when 6/144*964 - 9/54 is divided by l(-4)?
8
Suppose 9 = -3*o, 10 = 3*x - 2*o + 4. What is the remainder when ((-259)/7)/(x - 1) is divided by 19?
18
Suppose -4*p - 3*o = -148, -5*p + 198 = -o + 32. Calculate the remainder when 50 is divided by p.
16
Suppose -7 = -t - 2*t - p, -2 = p. Let k = -125 - -135. What is the remainder when k is divided by t/(-2) + (-9)/(-2)?
1
Calculate the remainder when (72/(-108))/((-22)/6) - 658/(-11) is divided by 1/((-2)/4) - -21.
3
Let m(u) = u**2 + 44*u - 346. What is the remainder when 356 is divided by m(-51)?
4
Suppose -220 = -c + 6*c. Let g = 67 + c. What is the remainder when 42 is divided by g?
19
Let x be (-4)/((-3)/(-36)*4). Calculate the remainder when 23 is divided by (-8)/(-12)*(-3 - x).
5
Let p(m) = 6*m**3 - m. Let h be p(1). Suppose -3*o - h = -3*a + 28, -5*o = -20. Let k = a - -21. Calculate the remainder when k is divided by 19.
17
Suppose 2*k + 7*k = 720. What is the remainder when 242 is divided by k?
2
Suppose 3*v - 61 = -5*f, 5*f = -2*v + 5*v - 41. Suppose -2*w + 10 = -3*y + 22, 4*w = 5*y - 22. Calculate the remainder when v is divided by y.
1
Let w = -68 - -71. Suppose 0 = 3*f - w, -8*f + 55 = 3*p - 4*f. Calculate the remainder when (-1)/(-1) + (47 - 0) is divided by p.
14
Suppose 2*q + 0*q - 22 = 0. Let n(u) = 4*u**2 - 5*u - 5. Let h(r) = -r + 1. Let f be h(3). What is the remainder when n(f) is divided by q?
10
Let d = -12 + 31. Suppose 0 = -5*h + 18 + 2. What is the remainder when h/22 + (-2)/(44/(-1602)) is divided by d?
16
Suppose -y - 3*p = -64, 29 + 21 = y - 4*p. Let g = y + -47. Calculate the remainder when 20 is divided by g.
9
Suppose -2*h - 26 = -4*h. Let a = 887 - 823. What is the remainder when a is divided by h?
12
Let j be (-17 - 0)*4/2. Suppose -5*m - 5*r - 40 = 0, 2*m + 10*r + 14 = 6*r. Let z = m - j. What is the remainder when 49 is divided by z?
24
Let g = 9 + -8. Let h be ((-7 - 2) + -1)*g. Let i(f) = f + 18. Calculate the remainder when 30 is divided by i(h).
6
Let u(w) = -2*w - 15 - 1 + 1. What is the remainder when 3*(-2)/(-6)*35 is divided by u(-17)?
16
Let j(i) = -i**3 + 16*i**2 + 16*i + 23. Let y be (12/(-8))/(-3)*34. Calculate the remainder when 9 is divided by j(y).
3
Let i(z) = z**2 - 2*z - 6. Let w be i(5). Suppose -o + w = -4*u, o + 3*u - 13 = 24. Let h = 43 - o. What is the remainder when 69 is divided by h?
15
Let h be (8624/(-245))/((-2)/10 - 0). Let f be 623/(-5) - (-4)/(-10). Let t = f + h. Calculate the remainder when t is divided by 14.
9
Suppose -3*k = -5*z - 95, -2*z = -3*k + 55 + 37. Let q = 53 - -2. What is the remainder when q is divided by k?
25
Suppose -5*i + 365 = 8*p - 3*p, 5*p = 5*i - 355. Suppose -6*j + 111 = -3*j. Calculate the remainder when i is divided by j.
35
Let d = -3 - -6. Suppose -d*u - 9 = 0, -4*t + 0*u + 27 = 3*u. Calculate the remainder when 51 is divided by t.
6
Let q = 25 + -8. Calculate the remainder when 201 is divided by q.
14
Suppose 461 = 7*b - 85. What is the remainder when b is divided by 12?
6
Suppose -5*m + u = 2*u - 30, 3*m - 18 = -5*u. Suppose -6*n = -11*n + 105. Calculate the remainder when n is divided by m.
3
Let f be -67*4/8*-2*-1. Let x = f + 94. What is the remainder when 79 is divided by x?
25
Suppose -15 = 3*c - 81. Let o = -26 + c. Calculate the remainder when (-6)/o*(-276)/(-18) is divided by 13.
10
Suppose 4*a + 9 - 5 = 0. Let b be (-2 - a) + -1 + 4. Suppose -2*y + b*c + 30 = 0, y + 2*y = -c + 53. Calculate the remainder when 66 is divided by y.
15
Suppose 0 = 2*s - 95 - 63. Calculate the remainder when s is divided by 16.
15
Let r(i) = -2*i**3 - 16*i**2 - 12*i + 25. Let q(z) = z + 43. What is the remainder when q(0) is divided by r(-7)?
10
Let x be -1 + 1 + -4 + -1. Let c = x - -8. Calculate the remainder when 22 is divided by c.
1
Suppose 0 = -3*y + 2*k - 54 + 278, -2*y + k = -150. Suppose 9*z - 249 = 102. Calculate the remainder when y is divided by z.
37
Suppose -3*x - 5*z + 514 + 6 = 0, 5*x + 3*z = 856. Calculate the remainder when x is divided by 35.
30
Let y(o) = 7*o**3 + 2*o**2 - 3*o + 2. Let l(z) = -z**3 - 4*z**2 + 7*z + 12. Let m be l(-5). Calculate the remainder when y(m) is divided by 31.
29
Let k(d) = -d**3 + 2*d**2 + 11. Let a be k(3). Suppose 6 = 4*i - a*u, -4*i + 0*i - 5*u = -27. Calculate the remainder when 27 is divided by i.
0
Let j be (-6)/14 - (-5375)/(-35). Let s = 242 + j. Let k = s - 25. What is the remainder when k is divided by 16?
15
Let n = 13 - 9. Suppose 145 = -n*b + 373. Suppose -4*h = -59 - b. Calculate the remainder when h is divided by 10.
9
Let i be 1974/56 - (2/8 + 0). Suppose -2*o - 5*h = -i, 3*o - 4*h + 0 + 5 = 0. What is the remainder when o is divided by 3?
2
Calculate the remainder when (0 + 306)/(-17)*5/(-2) is divided by 31.
14
Suppose 6*b - 26 = 46. Suppose -3*q = -8*q + 3*j + b, -4*q - 3*j = -15. Suppose q*u - 41 = 1. Calculate the remainder when u is divided by 4.
2
Let i = -25 - -15. Let b(c) = -3*c - 4. Let m be b(i). Suppose 0 = -2*j + j + m. What is the remainder when 51 is divided by j?
25
Let f(h) = h**3 + 9*h**2 - 11*h - 7. Let k be f(-10). Let z = k + 2. Suppose -5*a + z = u - 3*a, 5*u - 16 = -a. Calculate the remainder when 4 is divided by u.
1
Suppose 0 = 29*j - 1157 + 229. Calculate the remainder when 49 is divided by j.
17
Suppose -301*o = -297*o - 716. Let n = -10 + 30. Calculate the remainder when o is divided by n.
19
Suppose -k + 1 = 0, -6*g + 3*g - 4*k = -1. What is the remainder when 60 + 0*g/2 is divided by 15 + 0 + (2 - 1)?
12
Suppose -2*a + 41 = -a - 5*m, -4*a + 4*m = -84. Calculate the remainder when 109 is divided by a.
13
Let r(k) = 43*k + 207. What is the remainder when r(5) is divided by 106?
104
Suppose 0 = 7*c - 20*c + 312. Calculate the remainder when 117 is divided by c.
21
Suppose -73 + 33 = 5*i. Let p = -14 - -20. Let z = p - i. Calculate the remainder when z is divided by 5.
4
Let y = 232 + -160. Suppose -a - 4*d - 13 = -y, -2*a = -d - 82. Calculate the remainder when a is divided by 9.
7
Calculate the remainder when 396 is divided by (1 + 0)/(66/1386).
18
Let s = -42 - -44. Suppose -s*n + 1 = -3. Calculate the remainder when n is divided by 1.
0
Suppose 0 = -3*h + 9, 0 = 5*w + 3*h + 145 - 49. Let v = 8 - w. Let o = 16 + -10. What is the remainder when v is divided by o?
5
Let f = -203 + -164. Let z = f - -540. Calculate the remainder when z is divided by 44.
41
What is the remainder when 348 is divided by (-979)/178*140/(-11)?
68
Suppose -8*d = -13*d + 30. What is the remainder when 21 is divided by d?
3
Let w(r) = -r**3 + 11*r**2 - 10*r + 2. Let a be w(10). Let j(t) = -3*t + 1. What is the remainder when (-33)/(15/((-10)/a)) is divided by j(-1)?
3
Let w(x) = -x - 3. Let i be w(-7). Let p be ((-3)/(-2))/(2/i). Suppose v + p*y - 73 = -3*v, -3*v + y = -71. What is the remainder when 85 is divided by v?
19
Let x(v) = v**3 + 11*v**2 - 8*v - 14. Let p be 21/(-2) + 2/(-4). Calculate the remainder when x(p) is divided by 7.
4
Let n(x) = -x**3 - 23*x**2 - 5*x - 86. What is the remainder when 124 is divided by n(-23)?
8
Suppose 2 + 30 = 2*g. What is the remainder when 1252/16 + (-2)/8 is divided by g?
14
Let t(r) = 105*r - 12. Let n be t(10). Suppose 243 = -5*g + n. Suppose 0*d - 3*d + g = 0. Calculate the remainder when d is divided by 28.
25
Suppose 421 = -25*q + 1221. Calculate the remainder when 76 is divided by q.
12
Suppose 0*v + v - 17 = 0. What is the remainder when 200 is divided by v?
13
Suppose 3*p - 96 = -5*p. 